{"id":2329,"date":"2025-09-25T13:44:22","date_gmt":"2025-09-25T13:44:22","guid":{"rendered":"https:\/\/flinestore.fr\/?post_type=product&#038;p=2329"},"modified":"2025-09-25T13:47:06","modified_gmt":"2025-09-25T13:47:06","slug":"store-classique-genes","status":"publish","type":"product","link":"https:\/\/flinestore.fr\/index.php\/product\/store-classique-genes\/","title":{"rendered":"Store classique G\u00eanes"},"content":{"rendered":"<h3>Caract\u00e9ristiques principales<\/h3>\n<ul>\n<li><strong>Dimensions : <\/strong>Largeur de 1750 \u00e0 5550 mm et une avanc\u00e9e de 1500 \u00e0 2500 mm.<\/li>\n<li><strong>M\u00e9canisme : <\/strong>Il mesure 210 mm de hauteur et 145 mm d&rsquo;avanc\u00e9e.<\/li>\n<li><strong>Fixation : <\/strong>Il peut \u00eatre install\u00e9 de face, au plafond ou lat\u00e9ralement.<\/li>\n<li><strong>Inclinaison : <\/strong>L&rsquo;inclinaison est r\u00e9glable par l&rsquo;utilisateur.<\/li>\n<li><strong>Lambrequin : <\/strong>Un\u00a0<strong>lambrequin fixe<\/strong>\u00a0est inclus, fait de la m\u00eame toile que le store, pour cacher les bras une fois le store repli\u00e9.<\/li>\n<\/ul>\n<h3>Personnalisation et design<\/h3>\n<ul>\n<li><strong>Toile : <\/strong>Choix parmi les gammes\u00a0<strong>Orchestra<\/strong>\u00a0(290 g) et\u00a0<strong>Orchestra Max<\/strong>\u00a0(320 g) de DICKSON, soit 220 couleurs en stock.<\/li>\n<li><strong>Couleur : <\/strong>Choix de\u00a0<strong>90 couleurs standard<\/strong>\u00a0pour l&rsquo;armature et les fixations. Un store bi-couleur est aussi possible.<\/li>\n<\/ul>\n<h3>Qualit\u00e9 et durabilit\u00e9<\/h3>\n<ul>\n<li><strong>Mat\u00e9riaux : <\/strong>Toutes les pi\u00e8ces (supports, articulations, profil\u00e9s) sont en\u00a0<strong>aluminium premi\u00e8re fusion<\/strong>\u00a0et la visserie est en\u00a0<strong>inox<\/strong>, ce qui garantit l&rsquo;absence de rouille.<\/li>\n<li><strong>Garantie : <\/strong><strong>12 ans<\/strong>\u00a0sur les pi\u00e8ces et la main-d&rsquo;\u0153uvre. La toile et le moteur (Somfy) sont garantis 5 ans.<\/li>\n<li><strong>Labels : <\/strong>Les profil\u00e9s sont certifi\u00e9s\u00a0<strong>QUALICOAT<\/strong>\u00a0et\u00a0<strong>QUALIMARINE<\/strong>.<\/li>\n<\/ul>\n<h3>Options et fabrication<\/h3>\n<ul>\n<li><strong>Options : <\/strong>Un\u00a0<strong>automatisme vent\/soleil<\/strong>\u00a0(EOLIS 3D Wirefree de Somfy) est disponible. L&rsquo;\u00e9clairage par LED sur les bras \u00e9tait en cours de perfectionnement au moment de la r\u00e9daction de la description et sera adaptable sur ce store.<\/li>\n<li><strong>Fabrication : <\/strong>Le store est\u00a0<strong>100 % fabriqu\u00e9 en France<\/strong>. Le d\u00e9lai de fabrication est ultra-rapide si les couleurs standard sont choisies.<\/li>\n<\/ul>\n","protected":false},"excerpt":{"rendered":"<p>Caract\u00e9ristiques principales Dimensions : Largeur de 1750 \u00e0 5550 mm et une avanc\u00e9e de 1500 \u00e0 2500 mm. M\u00e9canisme : Il mesure 210 mm de hauteur et 145 mm d&rsquo;avanc\u00e9e. Fixation : Il peut \u00eatre install\u00e9 de face, au plafond ou lat\u00e9ralement. Inclinaison : L&rsquo;inclinaison est r\u00e9glable par l&rsquo;utilisateur. Lambrequin : Un\u00a0lambrequin fixe\u00a0est inclus, fait [&hellip;]<\/p>\n","protected":false},"featured_media":2330,"comment_status":"open","ping_status":"closed","template":"","meta":{"_acf_changed":false},"product_brand":[],"product_cat":[19,32],"product_tag":[],"class_list":{"0":"post-2329","1":"product","2":"type-product","3":"status-publish","4":"has-post-thumbnail","6":"product_cat-store-banne","7":"product_cat-stores-classiques","9":"first","10":"instock","11":"sale","12":"shipping-taxable","13":"purchasable","14":"product-type-simple"},"acf":[],"_links":{"self":[{"href":"https:\/\/flinestore.fr\/index.php\/wp-json\/wp\/v2\/product\/2329","targetHints":{"allow":["GET"]}}],"collection":[{"href":"https:\/\/flinestore.fr\/index.php\/wp-json\/wp\/v2\/product"}],"about":[{"href":"https:\/\/flinestore.fr\/index.php\/wp-json\/wp\/v2\/types\/product"}],"replies":[{"embeddable":true,"href":"https:\/\/flinestore.fr\/index.php\/wp-json\/wp\/v2\/comments?post=2329"}],"version-history":[{"count":3,"href":"https:\/\/flinestore.fr\/index.php\/wp-json\/wp\/v2\/product\/2329\/revisions"}],"predecessor-version":[{"id":2333,"href":"https:\/\/flinestore.fr\/index.php\/wp-json\/wp\/v2\/product\/2329\/revisions\/2333"}],"wp:featuredmedia":[{"embeddable":true,"href":"https:\/\/flinestore.fr\/index.php\/wp-json\/wp\/v2\/media\/2330"}],"wp:attachment":[{"href":"https:\/\/flinestore.fr\/index.php\/wp-json\/wp\/v2\/media?parent=2329"}],"wp:term":[{"taxonomy":"product_brand","embeddable":true,"href":"https:\/\/flinestore.fr\/index.php\/wp-json\/wp\/v2\/product_brand?post=2329"},{"taxonomy":"product_cat","embeddable":true,"href":"https:\/\/flinestore.fr\/index.php\/wp-json\/wp\/v2\/product_cat?post=2329"},{"taxonomy":"product_tag","embeddable":true,"href":"https:\/\/flinestore.fr\/index.php\/wp-json\/wp\/v2\/product_tag?post=2329"}],"curies":[{"name":"wp","href":"https:\/\/api.w.org\/{rel}","templated":true}]}}